j) = -4*j**3 + 5*j**2 - j - 3. Let d(l) = p*z(l) - 4*i(l). What is d(o)?
3
Suppose -2*h = -2*f - 20, 0 = 4*f - 240*h + 238*h + 36. Let d(s) = -s**3 - 8*s**2 + 2*s + 26. What is d(f)?
10
Let c(d) = -3*d + 7*d**2 + 7*d + 2 - 6*d**2. Suppose -2*k + f = 13, 34 = -8*k + 3*k + 3*f. What is c(k)?
7
Let z(m) = 2*m**2 - m + 1. Let b(a) = 2*a**2 + 3*a - 8. Let l be b(-3). Calculate z(l).
2
Suppose 0 = -5*y + 5*m + 65, y + 2 = -2*m - 0. Let a(c) be the third derivative of c**5/60 - 5*c**4/12 + 7*c**3/6 + 10*c**2. Give a(y).
-9
Let g(d) be the second derivative of -d**3/6 + 2*d**2 - 7*d. Let n(v) = -9*v - 387. Let k be n(-44). Give g(k).
-5
Let q(b) = -3 + 4*b**2 - 11*b + 4 + 2. Let j(a) = -a. Let v(k) = -5*k**2 + 16*k - 4. Let n(r) = -4*j(r) - v(r). Let o(s) = -5*n(s) + 6*q(s). Determine o(-5).
3
Let l(g) = -g**3 + 14*g**2 + 1. Let k be l(14). Let r(c) = c**3 - c**2 + 3*c - 2. Let d be r(k). Let b(w) = 3*w**3 - 2*w**2 + 1. Calculate b(d).
2
Let p = 24 + -24. Let a = -2 + p. Let v(z) = -z**3 + 3*z + 1. Determine v(a).
3
Let m(y) = -y**3 + 4*y**2 + 3*y + 4. Suppose 0 = -2*f - 2*f. Suppose -b = -p + 3*p + 3, f = -b + 5*p + 11. Let x be b/4*2*10. Calculate m(x).
-6
Let r(b) = -2*b + 9. Suppose 4*h - 5*g + 28 = 0, 0 = 3*h + 5*g - g + 21. Give r(h).
23
Suppose -10*u + 108 + 42 = 0. Let t be 48/20 + (-6)/u. Let a(l) be the second derivative of -2*l**3/3 + l**2 - 2*l. Calculate a(t).
-6
Let z(j) be the first derivative of -j**2/2 + 9*j - 386. What is z(5)?
4
Let n be ((-273)/(-637))/((-2)/(-28)). Let j(x) = -2*x**2 + 3*x - 8. Give j(n).
-62
Let w(s) = -s**2 - 2*s + 6. Let v(k) = k. Let n(z) = -2*v(z) + w(z). Let o be n(-6). Let x(h) = -h**2 - 27*h + 20*h - 11 + 2. Give x(o).
-3
Suppose 10*j = -13 + 3. Let w(z) = -13*z**3. Give w(j).
13
Let q(s) = 2*s - s**2 - 81 + 33 + 7*s**2 + 50 + 0*s. Give q(-1).
6
Let a = -10 + 3. Let y = 2 + a. Let x(p) = -5 + 4 - 4*p + p - p**2. Give x(y).
-11
Let b(p) = 6*p - 1. Let q be b(2). Let j = 10 - q. Let o(g) = 3*g - 2. Let x be o(j). Let s(l) = 2*l - 3. Determine s(x).
-13
Let f(p) = 2*p + 1. Suppose 4*h - 162 + 65 = 5*u, 2*u - 6 = 0. Suppose 7*s = -240 + 51. Let o = h + s. Determine f(o).
3
Let c(l) = -3*l**3 + l**2 + l - 1. Suppose 0 = -2*y - 5*t + 27, -3*y - t = -2*y - 6. What is c(y)?
-2
Let l(y) = -y**3 - 4*y**2 + 7*y - 5. Let d(s) = -s**3 + s**2. Let v(n) = -2*d(n) + l(n). Give v(4).
-9
Suppose 0 = -10*g - 80 + 30. Let r(n) = 2*n**3 + 11*n**2 + 4*n - 1. Calculate r(g).
4
Suppose -2*z + 2*a = a - 7, -3*z + 3*a = -6. Let y = 11 - z. Let j(b) = -b - 1. Let h(m) = -5*m + 7. Let f(p) = -h(p) + 4*j(p). What is f(y)?
-5
Let s(i) be the second derivative of i**5/20 + i**4/2 - 2*i**2 + 6*i + 16. Determine s(-6).
-4
Suppose -d + 5*w = -18, -3*w + 0 = -3*d + 18. Let t(z) be the third derivative of 0*z - 7/6*z**d - 1/6*z**4 + 1/60*z**5 + z**2 + 0. Give t(5).
-2
Suppose -3*q - 5 = 7. Let j = q - -6. Let i(w) = 0*w**3 + 4*w**2 - 4*w**j + 3*w + 2*w**2 + 2 - w**3. Give i(-2).
12
Let o(j) = j**3 + 5*j**2 + 3*j + 2. Suppose u - 3*d - 7 = -d, -2*d - 22 = 4*u. Calculate o(u).
11
Let a be -4 + 2 - (-8)/2. Let d be (-3)/a*2/(-3). Suppose 0 = 2*w - 6, 4*y + 4*w - d = w. Let z(q) = -q - 4. What is z(y)?
-2
Suppose 21*c - 15*c = -48. Let x(r) = r**2 + 6*r - 10. Determine x(c).
6
Let y = 37 + -19. Let k = -13 + y. Suppose -3*o - a = -5 - 5, -2*o - k*a + 11 = 0. Let i(p) = -p**3 + 4*p**2 + p - 1. Calculate i(o).
11
Let i(n) = -n**3 - n**2 + 2*n + 25. Let x be i(0). Suppose -3*k = 2*k - x. Let w(g) = 2 - 8*g + k + g**2 - 3 + 6. Determine w(7).
3
Let m(f) = -f + 12. Let i(x) = 2*x - 8. Let g be 2/4*(-84)/(-6). Let p = 0 + g. Let s be i(p). Give m(s).
6
Let q(f) be the third derivative of -2/3*f**3 + 1/8*f**4 + 0 + 0*f + 27*f**2. Calculate q(4).
8
Let a(v) = v**2 - 6*v + 6. Let r be 8 + (-2 + 0 - 1). Suppose -5*s = -2*f - 22, -8 = s - r*f + 6. Let n be (1 - -4)/(s/6). Calculate a(n).
1
Suppose 4*k = 5*x - 17, 0*k + x = 2*k + 1. Let y(d) = -d**2 + 0*d - k + 1 + 4*d + 0*d**2. What is y(5)?
-6
Let d be (51/(-21) - -2)*-7. Suppose -4*y - d = 1. Let k be (-4 + -2)*(2 + y). Let q(o) = o**3 + 6*o**2 + o + 1. Calculate q(k).
-5
Suppose 0 = -2*w - 45 + 57. Let p(k) be the second derivative of k**3/3 - 4*k**2 - 15*k. What is p(w)?
4
Let x be (3*(-4)/3)/(-1). Let w(s) be the second derivative of -s**3/2 + 2*s**2 - 3*s + 5. Calculate w(x).
-8
Suppose 19 = 2*t + 13. Let i(k) = k - 5*k**3 - 2*k**t - 3*k + 2*k**2 + 6*k**3. Suppose 0 = 2*u - 0 - 4. Determine i(u).
-4
Let o be (18/(-8))/((9/(-8))/(-3)). Let x be (3*(-14)/o)/(2 + -3). Let t(r) = -r**2 - 6*r + 7. Determine t(x).
0
Let l(p) = 2*p**2 - 2*p + 8. Let s(r) = -2*r**2 - 2*r + 1. Let y(f) = l(f) - 3*s(f). Determine y(-3).
65
Let l be (10/(-15))/((-1)/(-12)). Let a = -5 - l. Let i(u) be the second derivative of u**4/12 - 3*u**2/2 - 7*u. What is i(a)?
6
Suppose -5*t = -4*t + 5. Let g(s) = s**2 + 7*s - 4. Calculate g(t).
-14
Let x(y) = -14*y**3 - 12*y**3 + 4 - 9*y**3 + 36*y**3 - 6*y - 4*y**2. Determine x(5).
-1
Let q(a) = 3*a**2 - 6*a + 1. Let t(s) = s**3 + 12*s**2 - 26*s + 3. Let r(k) = 9*q(k) - 2*t(k). Let p be -1 + 4 + -3 + 15. Let y = p - 13. Determine r(y).
-5
Suppose 3*o + 20 = -13. Let y(t) = -t**2 - 13*t - 13. What is y(o)?
9
Let k(b) = 14*b**3 + 3*b**2 + 6*b - 4. Let p(f) = 7*f**3 + 2*f**2 + 4*f - 2. Let j(d) = -3*k(d) + 5*p(d). What is j(-1)?
8
Let s = -279 - -286. Let r(q) = q**3 - 7*q**2 + 2*q - 9. Calculate r(s).
5
Let l(u) be the first derivative of -2*u + 3*u**2 + 13 + 1/3*u**3. Give l(-6).
-2
Let y(g) = g**2 + 15*g - 12. Suppose -178 = 11*v - 2. What is y(v)?
4
Let t(j) = -j - 2. Suppose -n = -1 - 1. Let g be 665/(-42) - n/12. Let a be ((-3)/(-4))/((-4)/g). Calculate t(a).
-5
Let q(v) = -v**3 - 10*v**2 - 14*v - 17. Suppose 138*h = 128*h - 80. What is q(h)?
-33
Suppose -x = 2*x. Let l(t) = 1 + t**2 + t + x*t**2 - 4*t**2. Suppose 2*v - 5*i = -36 + 7, 4*v - 2*i = -18. Calculate l(v).
-13
Let k(c) = -2*c**3 - 2*c**2 + 3*c + 2. Let y be (-66)/27 + 40/90. What is k(y)?
4
Let a(i) = 4 + 5*i - 9*i + 5*i. Suppose 0 = -8*r + 2*r - 24. Calculate a(r).
0
Let u(m) = m + 10. Let q(g) = 2*g + 23. Let w(o) = -q(o) + 3*u(o). Determine w(3).
10
Let i(p) = 14*p - 39. Let n(c) = -8*c + 19. Let l(u) = 3*i(u) + 5*n(u). Give l(11).
0
Let g(v) = v**2 + 5*v. Let j be g(-5). Suppose r = -2*w + 2*r - 7, 4*w + 3*r + 39 = j. Let y(n) = 2*n + 9. Calculate y(w).
-3
Let y(r) = 0*r + 9 + 12 + 3*r**2 - 3*r - 20. Calculate y(3).
19
Let n(u) = 5*u - 3. Let z(g) = -4*g + 3. Let l(b) = 5*n(b) + 6*z(b). Let j be (-20)/((-15)/(-3)) - (-4 - 1). Suppose -13*h + j - 27 = 0. Give l(h).
1
Let j(m) = -m - 1. Let q(a) = -a**3 - 4*a**2 - a + 4. Let i be q(-4). Suppose 4*b + 3*k + k + 16 = 0, b + 3*k = -i. What is j(b)?
1
Let c(n) = 152*n + 160*n - 9 - 305*n - 1. Give c(6).
32
Let y(x) = 2*x + 3. Let g = -54 + 59. Suppose -2*o + 4 = -0*o, -g*a + 3*o = 21. Determine y(a).
-3
Let v(i) = i**3 - i**2. Let l be v(0). Let t(c) be the first derivative of 37 + c**2 - 32 - c**3 - c + l*c**3. Calculate t(2).
-9
Let j(u) be the first derivative of u**4/4 + u**3 - 3*u**2 - 7*u + 155. Calculate j(-4).
1
Let v = -1 - -6. Let x(m) = -m**3 + 28*m**2 + 29*m. Let q be x(29). Let f(t) = -4*t + t + v + q + 2*t. What is f(5)?
0
Let h(d) be the first derivative of -16*d**3/3 - d**2/2 - d + 56. What is h(-1)?
-16
Let d(x) = -x**3 - 2*x**2 + 4*x - 1. Let i = -21 - -16. Let r be ((-5)/i)/(3/(-9)). Determine d(r).
-4
Let m(r) = -r**3 - 5*r**2 - r - 3. Let o be m(-3). Let p = o + 22. Let d(s) = -5*s - 3 - 270*s**2 + 271*s**2 + 7. Calculate d(p).
0
Let w be -1 + 5 + -3 + 0. Let t be (4 - w)/(-3)*1. Let p be (-4)/(t + 0 + 2). Let n(r) = r**2 + 7*r + 6. Determine n(p).
-6
Suppose -5*x - 2*x = -49. Let j(u) = -11 + x*u - 9*u + u. Give j(-10).
-1
Let u(x) be the third derivative of x**5/20 + x**4/6 + x**3/2 + 2*x**2. Let b = -251 + 249. Determine u(b).
7
Let l(n) = -n**3 + n. Let t(s) = 7*s**3 - 5*s + 2. Let q(f) = -6*l(f) - t(f). Calculate q(-1).
0
Suppose -3 = -3*l - 0. Let z be (-2)/(-3) - (-16)/12. Let u(h) = 5*h**2 - 7*h**z + 3*h - 4*h. What is u(l)?
-3
Let a(c) be the first derivative of 3*c**4/4 - 2*c**3/3 + c + 22. Suppose 2*u = -3*t + 9, t = -2*t + u. Determine a(t).
2
Let d(p) = 2*p**3 - 12*p**2 - 12*p - 10. Let c be d(7). Let n(q) = q**3 - 6*q**2 + 5*q - 6. What 